hat is the greatest common divisor of h and 91?
13
Let w(q) = -10*q - 4. Let y be w(-2). Let v = -24 - -105. Suppose 4*z + 36 = k, 3*k = z + 2*z + v. What is the highest common divisor of y and k?
8
Let s be (-4 - -202) + (2 - 2). Calculate the highest common factor of 22 and s.
22
Let k = -33 - -35. Calculate the highest common factor of k and 5.
1
Let p be 4 + -3 + (-957)/(-3). Suppose -5*o + 120 + p = 0. Let b(k) = 3*k - 7. Let r be b(5). What is the greatest common factor of o and r?
8
Let q = -62 - -81. What is the greatest common factor of 19 and q?
19
Suppose 0 = -0*j - 9*j + 360. Calculate the highest common divisor of 10 and j.
10
Suppose z + z + 3*h - 25 = 0, 0 = 5*z - 3*h - 10. Suppose -z*s + 9 = -1. Calculate the highest common factor of s and 18.
2
Let i = 14 - 20. Let n be ((-9)/i)/(4/24). Calculate the greatest common factor of n and 63.
9
Let m = 137 + -81. Calculate the greatest common factor of 616 and m.
56
Let k(p) be the third derivative of 19*p**5/15 + p**4/12 - p**3/6 - p**2. Let s be k(1). Let m = -7 + 14. Calculate the greatest common factor of m and s.
7
Let g be (-25)/(-2) - 6/(-12). Let p be (-6)/2*(-1 + g). Let k = -1 - p. What is the greatest common divisor of k and 7?
7
Let v(o) = 2*o - 4. Let h be v(7). Calculate the highest common divisor of 25 and h.
5
Let o be -11 + 2 + -1 + 2. Let v(t) = t**2 + 5*t - 6. Let c be v(o). What is the greatest common divisor of c and 126?
18
Let x(f) = -f**2 + 8*f - 5. Let w be x(7). Suppose -4 = -3*g + w. Let n(v) = -v**2 + 6*v - 1. Let m be n(5). What is the greatest common divisor of m and g?
2
Suppose 4*n - d = -592, 2*d + 23 = 3*n + 467. Let z = 258 + n. Calculate the highest common divisor of z and 10.
10
Let i be (3 + -2)*(-2)/(-1). Suppose -l = -2*l - 3*j + 5, -i*l + 3*j = -19. What is the highest common factor of 12 and l?
4
Suppose -104*r + 84 = -101*r. Calculate the highest common divisor of r and 4.
4
Let k = 1 + 2. Suppose 0 = n - 6 - k. Let m = n + 2. Calculate the highest common factor of 11 and m.
11
Let q(a) = -2*a + 1. Let g = -11 - -5. Let d be q(g). Suppose -4*t - 146 = -2*n, n = -t - 4 + 65. Calculate the greatest common factor of n and d.
13
Let q be -2*2/(6/3). Let b be -1 + q + 124/1. Let x(u) = -u**3 + 6*u**2 - 6*u + 3. Let v be x(4). Calculate the highest common divisor of v and b.
11
Suppose -5*z + 41 = 1. Suppose 10*y - 108 = z*y. Calculate the greatest common divisor of 6 and y.
6
Let j(y) = 6*y + 5. Let q(m) = 24*m + 20. Let g be 2 + -2 + (-2 - 0). Let w(a) = g*q(a) + 9*j(a). Let i be w(5). What is the highest common divisor of 7 and i?
7
Let c = 17 - 9. Suppose -5*d + 3*l + 17 = 0, 2 = d + 3*l - 5. What is the greatest common divisor of c and d?
4
Suppose 0 = -4*l + 3*l + 30. Calculate the highest common factor of l and 240.
30
Let v = 160 - 143. Calculate the greatest common factor of v and 17.
17
Suppose -2*z + 44 = 2*w - 6*z, 3*w - 96 = -4*z. What is the highest common divisor of w and 112?
28
Let c(y) = y**2 - 9*y - 18. Let x be c(11). What is the highest common factor of x and 28?
4
Suppose -v - 397 = h - 6*h, -5*v - 145 = -2*h. What is the highest common divisor of 20 and h?
20
Let k be (-2 + (-88)/(-12))*(-3)/(-2). Calculate the highest common divisor of 4 and k.
4
Let g = 40 + -29. What is the greatest common divisor of 121 and g?
11
Let f(q) = -9 + 10 - 4*q + 51*q. Let u be f(1). Let b(v) = -v**3 + 11*v**2 - 7*v + 2. Let s be b(10). Calculate the greatest common factor of u and s.
16
Suppose 2*k = 17 + 23. Let i(v) = -4*v + 1 + 4*v - 10*v**3 - v**2. Let l be i(-1). What is the highest common factor of l and k?
10
Let g(x) = -2*x. Let z be g(-1). Let d be 2*(-2 + 15/z). Calculate the highest common divisor of d and 11.
11
Let t(d) = 3*d**3 - 2*d**2 + 2*d. Let h be t(4). Let p be (-20 - (-1 - -2))/(-1). Calculate the greatest common divisor of h and p.
21
Suppose 0 = -9*q + 4*q - g + 145, -4*q = -3*g - 97. What is the greatest common factor of 7 and q?
7
Suppose 3*x - 14 = 19. Calculate the highest common divisor of 44 and x.
11
Let q = 10 + 17. Calculate the greatest common factor of 18 and q.
9
Let k = 0 - -5. Let c = 36 - 21. What is the highest common divisor of k and c?
5
Let w(z) be the first derivative of z**2 - 2*z - 2*z - 2 - z. Let d be w(8). What is the highest common divisor of 77 and d?
11
Let s = -38 - -41. Calculate the highest common factor of 66 and s.
3
Let m(a) = 9*a + 22. Let p be m(7). What is the greatest common divisor of 34 and p?
17
Let b = 35 - 12. What is the highest common divisor of b and 69?
23
Let q(o) = -26*o - 4. Let a(h) = 25*h + 3. Let m(j) = 5*a(j) + 4*q(j). Let v be m(1). Let p be 442/10 - 4/v. What is the highest common factor of p and 11?
11
Let f be (1 - 12)/(((-15)/(-6))/(-5)). Calculate the greatest common divisor of 2 and f.
2
Suppose 0 = -68*t + 69*t - 9. What is the highest common divisor of 1 and t?
1
Let h = 6 - 2. Suppose 33 = h*d - d. Let z = -72 + 127. Calculate the highest common factor of z and d.
11
Let x be (140/12)/7*3. What is the greatest common factor of 55 and x?
5
Suppose j = 3*w + 181, 0 = -3*j - 4*w + 366 + 203. Let m = 297 - j. What is the greatest common factor of 10 and m?
10
Suppose 5*k - q = -0*k + 161, 2*k - 74 = -2*q. Suppose 0*y = -4*y + 3*s + 38, -5*y + 59 = 2*s. Calculate the greatest common factor of y and k.
11
Let w = -5 + 5. Let n be w/(-1)*1/2. Suppose 3*c + n*c = 315. What is the greatest common divisor of 15 and c?
15
Let k be (0 - 0)*7/14 - -24. Calculate the highest common factor of k and 36.
12
Suppose 3*i - 5*d - 73 = 0, -2*d = 7*i - 2*i - 70. What is the highest common factor of 40 and i?
8
Let r be (-1)/(-2*3/42). What is the greatest common factor of r and 35?
7
Let h(u) = u**2 + 6*u - 4. Let d be h(-6). Let a = d - -8. Let s = -1 + a. What is the highest common divisor of s and 2?
1
Let w(m) = 6*m - 12. Let a be w(9). Suppose -3*r = -r - a. Calculate the greatest common divisor of r and 105.
21
Let k = 3 + 0. Let p be (1 + (k - 32))*-6. What is the highest common divisor of p and 24?
24
Let r be (15/3 - 2)*(-1)/(-3). Let x = -13 - -18. Calculate the greatest common divisor of x and r.
1
Suppose -l + 7 = -0*l - 5*s, -4*s = -2*l + 8. Let i be 3*46 - (l - 0). What is the greatest common divisor of 17 and i?
17
Let q be 35/14*(-184)/(-10). Suppose -2*d = 2 - 4, q = 2*u + 2*d. What is the highest common factor of 66 and u?
22
Suppose -g = 3*j - 57, 2*j - 20 = -g + 35. What is the greatest common divisor of 17 and g?
17
Suppose 2 = -v + 16. Calculate the highest common divisor of 70 and v.
14
Suppose -4*i + 78 = i - 2*a, 4*i - 5*a = 76. Calculate the greatest common divisor of i and 21.
7
Let m be (-1)/(-3*3/261). What is the greatest common divisor of m and 232?
29
Suppose -5*g = 2*t - 15, 0*t + t + g - 9 = 0. What is the greatest common factor of 10 and t?
10
Let x(z) = -3 + 4*z - 3 + 6*z - z. Let d be x(10). Calculate the highest common factor of 21 and d.
21
Let f = -3 - -4. Let g(c) = -1 + 3*c - f - 8*c. Let n be g(-3). Calculate the highest common divisor of n and 91.
13
Let t be -5 + 1 + 2 - -1. Let b(o) = 3*o**2 + o + 1. Let n be b(t). Suppose -z - 3 = f - 19, n*f - 63 = -4*z. Calculate the highest common divisor of z and 135.
15
Let i(r) = 7*r - 1. Let c be i(7). Suppose -3*l + c = 12. What is the highest common divisor of l and 132?
12
Suppose 0*v - 4*q = -2*v + 104, q = 2*v - 119. Calculate the greatest common factor of 93 and v.
31
Suppose 3*b + 252 = 2*k, 5 = 3*k + 5*b - 411. What is the greatest common factor of 12 and k?
12
Let s be 8/(-24) + 16/3. Suppose 3*t - 3*f - 41 = -s*f, -t - 3*f = -2. What is the greatest common divisor of t and 85?
17
Let n(i) be the second derivative of 2*i + 0 + 5/3*i**3 + 3/2*i**2. Let k be n(3). What is the highest common divisor of k and 11?
11
Suppose 36 + 54 = -5*y. Let x be y*(-3)/(-12)*-2. Let r = -3 - -6. Calculate the highest common divisor of r and x.
3
Let d = -11 - -15. Suppose 12*w = 10*w - d. Let i(m) = -3*m**3 - 3*m**2 + 2. Let l be i(w). Calculate the highest common divisor of 42 and l.
14
Let p = 49 + -24. What is the greatest common divisor of 1 and p?
1
Let p = -48 + 53. What is the highest common factor of p and 55?
5
Let w(h) = 3*h. Let t be w(-7). Let g be 3 - (-3)/((-9)/t). Let c be (2 + 0)*(